31, 47
Suppose -160*d + 153*d = -3640. Let s = 744 - d. What are the prime factors of s?
2, 7
Suppose -4*f + 5629 + 615 = 0. List the prime factors of f.
7, 223
Let a(v) = -2*v**3 - 17*v**2 + 10*v + 11. Let o be a(-9). Let g(s) = -s**2 + 5*s + 11*s**o + 18 - s**3 - 2*s**2. What are the prime factors of g(8)?
2, 29
Let j = 700 + -408. Suppose h + 3*h - j = 0. Suppose -t = -h - 40. List the prime factors of t.
113
Let t be (2102/(-3))/(5*(-10)/(-75)). Let i = t - -1640. List the prime factors of i.
19, 31
Let r = 3746 - 7520. What are the prime factors of r/(-27) + 6/27?
2, 5, 7
Let n(w) = 102*w**3 - 183*w**2 + 738*w + 3. List the prime factors of n(4).
3, 5, 19, 23
Let c(w) = -2*w. Let q(p) = 18*p**2 - p + 19. Let v(b) = -6*c(b) + q(b). What are the prime factors of v(-6)?
601
Let d = 6647 + -4475. List the prime factors of d.
2, 3, 181
Suppose 0 = -4*i + i + 2619. Suppose -2*a - 5*f - 233 = -i, -3*a = -2*f - 979. What are the prime factors of a?
5, 13
List the prime factors of 9*(-1)/9*-3*2113.
3, 2113
Suppose -3*k - 27*k = -450. Let f(o) = 36*o + 32. What are the prime factors of f(k)?
2, 11, 13
Let m = 70569 - 26677. What are the prime factors of m?
2, 10973
Suppose 4*t - 193909 = 5*f, -4*t + 125623 + 68277 = 4*f. What are the prime factors of t?
2, 12119
Let u(z) = -56*z - 53. Suppose 10 = 2*n - 5*a + 21, -3*n + 3*a - 21 = 0. What are the prime factors of u(n)?
5, 79
Suppose -3*m - 7*f - 1 = -9*f, 5*m - f - 10 = 0. Suppose 0 = -m*c - 2*q - 2*q + 656, -1105 = -5*c + 5*q. What are the prime factors of c?
2, 5, 11
Suppose 2*i - 3723 - 5789 = -f, -3*i - 47534 = -5*f. What are the prime factors of f?
2, 2377
What are the prime factors of 20569 + ((-372)/(-62) - (14 - 1))/1?
2, 3, 23, 149
What are the prime factors of (-38)/(2/(-1))*((0 - -719) + 8)?
19, 727
Suppose 2*c + c = -3*r - 912, 2*r + 1520 = -5*c. Let h = c - -458. What are the prime factors of h?
2, 7, 11
What are the prime factors of 23 + (46262 + 28 - -28)?
3, 19, 271
Suppose t = 3*m - 59 - 29, 2*m = -4*t + 40. Suppose 8 = -5*p + m. Suppose 47 = w - p*r + 3, 2*w - 5*r = 103. What are the prime factors of w?
2
Let z = -136 - -67. Let c = 67 + z. What are the prime factors of (-2 - (-10)/4) + (-309)/c?
5, 31
Suppose 0 = -2*s - x + 14768, 70*s - 68*s - 14768 = -5*x. What are the prime factors of s?
2, 13, 71
Let x(b) = 18*b - 13. Suppose 0 = -2*f + 4*y + 22, -2*f - 7*y + 2*y + 13 = 0. What are the prime factors of x(f)?
149
What are the prime factors of (23 - -788)*(5 + -6)*(-54 + 0)?
2, 3, 811
Let p = -1120 - -1105. Suppose g + 3 = 3*q - q, 1 = 3*g + 4*q. What are the prime factors of (1/g)/(p/3210)?
2, 107
Let j(p) = -9*p**3 + 9*p**2 - 8. Suppose -5*d - 14 = -5*a + 1, -a = 3*d + 13. What are the prime factors of j(d)?
2, 89
Let x(p) = 18*p - 17. Let w = 104 - 98. Let k be x(w). Let a = k + 205. List the prime factors of a.
2, 37
Suppose -k + 7425 - 1132 = 3*x, 0 = 5*x + 2*k - 10488. What are the prime factors of x?
2, 1049
Suppose 47*r + 1630250 = 172*r. List the prime factors of r.
2, 6521
Let y(k) = 5*k**3 + 13*k + 428. Let r(d) = 9*d**3 + 24*d + 856. Let o(f) = 6*r(f) - 11*y(f). List the prime factors of o(0).
2, 107
List the prime factors of 5*(42307/(-2))/(115/(-46)).
42307
Let y(r) = -4423*r - 37. Let j be y(-1). Suppose -194*k + 188*k = -j. List the prime factors of k.
17, 43
Let v = -6 + 28. Let q = 175 - v. Suppose 3*x + 0*p - q = -3*p, x = -3*p + 45. List the prime factors of x.
2, 3
Let o(r) = -r**2 + 7*r + 4. Let f be o(6). Let k be (-2)/(f/(-341)) + 3/(-15). Let v = k + -22. List the prime factors of v.
2, 23
Suppose -9 = -0*y + 3*y. Let j(a) = a**2 + 2*a - 2. Let p be j(y). Let m = p + 93. What are the prime factors of m?
2, 47
Suppose 0 = -5*g - 3*u + 37, 3*g - g = -4*u + 26. Suppose -2*t = -2*q + 102, q + 2*q - 145 = -g*t. List the prime factors of q.
2, 5
Let c be ((-6)/(-4))/(27/(-36)). Let a be (-8)/16 - (5/c - -2). Suppose 3*v + 0*j - 3*j = 177, a = 4*v - 2*j - 228. What are the prime factors of v?
5, 11
Let m(l) = l**3 + 7*l**2 - 20*l - 136. Let n be m(-7). Suppose 3*z - 64 = z. Suppose -n*f + z - 16 = 0. What are the prime factors of f?
2
Let p(y) = 199*y**2 - y + 29978. List the prime factors of p(0).
2, 13, 1153
Let t be 5206/12 + (-3)/(-18). Let q = t - 107. List the prime factors of q.
3, 109
Let d = -9695 + 23055. List the prime factors of d.
2, 5, 167
Let f = -15 - -15. Let j(v) = 6*v - 200. Let u(h) = 12*h - 397. Let w(x) = -5*j(x) + 2*u(x). What are the prime factors of w(f)?
2, 103
Let u(l) = -l**3 - 7*l**2 - 2*l - 10. Let j be u(-7). Suppose j*c + 154 = -3*k, -c - 4*k - 46 = -1. What are the prime factors of (c*3)/((-30)/20)?
2, 37
Suppose -3*y = 7*y + 2*y. Suppose y = 3*k - 1404 - 186. What are the prime factors of k?
2, 5, 53
Suppose s - 5*p + 353 = 41, -4*s - 1233 = -5*p. Let t = s - -452. What are the prime factors of t?
5, 29
Let t be (4/8)/(7/84). Suppose -t*j - 6*j = -3156. List the prime factors of j.
263
Let d be 6/8 + 425/20. Let c(z) = 49 - 8*z - 23 - d. List the prime factors of c(-9).
2, 19
Suppose 10*d = 373 + 867. Suppose -70*f + 68*f = -d. List the prime factors of f.
2, 31
Suppose -522 = 11*a - 14*a. Let j = a + -50. List the prime factors of j.
2, 31
Let o(g) = -g**3 - 8*g**2 + 11*g + 6. Let q be (-164)/16 + 1/4. Let b be o(q). Let w = -35 + b. List the prime factors of w.
61
Let c(v) = 12*v**2 + 14*v - 9. Let h be c(8). Suppose 2*q + 4*n = 3*n + h, 1307 = 3*q + n. List the prime factors of q.
2, 109
Let v(x) = -x**2 + 27*x + 148. Let i be v(-5). Let y be 2*12 + (1 - 1). Let f = i + y. What are the prime factors of f?
2, 3
Suppose 10*y + 4 = 11*y. Suppose 2*z - 4*a - 1816 + 584 = 0, -z + y*a + 610 = 0. What are the prime factors of z?
2, 311
List the prime factors of ((-29)/((-2)/6*-3))/((-33)/6864).
2, 13, 29
Let v be 448/6 - 32/48. Let d = 74 - v. Suppose -q + 5*a + 195 = a, 2*q + 5*a - 338 = d. List the prime factors of q.
179
Let g(z) = -z**3 - 49*z**2 + 81*z - 413. What are the prime factors of g(-58)?
5, 7, 719
Let r(p) = 18*p**3 + 7*p**2 + 12*p - 71. List the prime factors of r(6).
41, 101
Let m = 31007 - 16832. List the prime factors of m.
3, 5, 7
List the prime factors of (8/(-14))/((-109)/(-28) + -4)*873.
2, 3, 97
Let s be (-5 - -1) + 375 + -1. Let f = 1435 - 863. Let y = f - s. List the prime factors of y.
2, 101
Suppose 17*l = 13*l - 2*o + 354, -4*l + 345 = 5*o. Suppose -76 = 3*q + 44. Let g = l + q. List the prime factors of g.
2, 5
Let w be ((144/(-30))/(-4))/((-1)/20). Let i(p) = -p**3 - 23*p**2 + 4*p - 57. List the prime factors of i(w).
3, 47
Let p = 100 - 81. Let t(h) = h**3 - 18*h**2 - 26*h - 27. Let b be t(p). Let d = b - -360. What are the prime factors of d?
2, 5
Let t(c) = 49*c**2 - 105*c + 776. List the prime factors of t(8).
2, 3
Let a = 222 + -9. Let q = a - 98. What are the prime factors of q?
5, 23
Suppose -s = -1, 0 = c - 0*c - 3*s + 213. What are the prime factors of (-9297)/(-7) - (-30)/c?
2, 83
Let t = 236 - 274. Let h = t - -502. What are the prime factors of h?
2, 29
List the prime factors of ((-64305)/(-4) - (-18)/(-8)) + 7.
13, 1237
Let x(y) = -195*y - 90. What are the prime factors of x(-13)?
3, 5, 163
Suppose 0 = 12*h - 24. Suppose d - h = -z, 3*d - 1 = -4*z + 7. Suppose 0 = -z*j + l + 163, -l + 311 = 4*j - 0*j. What are the prime factors of j?
79
Let f = 81 + -344. Let v = 270 + f. What are the prime factors of v?
7
Suppose 0 = 5*k - 25, 642*k - 639*k + 1143 = 2*t. What are the prime factors of t?
3, 193
Let s(w) = 6*w**2 - 48*w + 477. List the prime factors of s(33).
3, 67
Let a(f) = -6*f - 88. Let y be a(-16). Suppose -174 = -y*p + 2290. What are the prime factors of p?
2, 7, 11
Let h(p) = -2*p**2 - 46*p + 28. Let s be (-1 - -1 - 57) + (2 - 3). Let f = s - -38. What are the prime factors of h(f)?
2, 37
Suppose -7*o + 5*o + 96 = 0. Let w = -43 + o. Suppose t = -j + 81, 4*t - w*t - 259 = -3*j. List the prime factors of j.
5, 17
Let u(m) = 173*m**2 - 3*m + 4. Let b be u(2). Suppose 4*p - b = 2*g, 0 = 4*p - 4*g - 77 - 623. Suppose p = -10*a + 15*a. What are the prime factors of a?
2, 17
Let p(x) = 21*x**3 - 3*x**2 - 5*x + 16. What are the prime factors of p(2)?
2, 3
Let w = -20030 - -55544. What are the prime factors of w?
2, 3, 1973
Let m(l) = -7*l - 2. Let i be m(-1). Suppose -i*k = -11*k. Let